{"id":1236,"date":"2018-08-30T17:46:30","date_gmt":"2018-08-30T20:46:30","guid":{"rendered":"https:\/\/isfd808-chu.infd.edu.ar\/sitio\/autoridades\/"},"modified":"2025-05-23T21:16:08","modified_gmt":"2025-05-24T00:16:08","slug":"autoridades","status":"publish","type":"page","link":"https:\/\/isfd808-chu.infd.edu.ar\/sitio\/institucionales\/autoridades\/","title":{"rendered":"Autoridades"},"content":{"rendered":"<div style=\"border: 2px solid #595859; border-radius: 5px; padding: 30px; background-image: url('https:\/\/cdn.pixabay.com\/photo\/2020\/02\/19\/22\/57\/blue-background-4863452_960_720.jpg'); background-size: cover; background-repeat: no-repeat; background-position: center center; color: #000000; font-family: Verdana, Arial, sans-serif; margin-left: auto; margin-right: auto;\">\n<div style=\"width: 75%; border-radius: 5px; padding: 40px; color: #000000; text-align: center; background: linear-gradient(60deg, #D0F5A9, #D0F5A9); font-family: Arial, Verdana, sans-serif; font-size: 1.1em; margin-left: auto; margin-right: auto; box-shadow: 10px 5px 5px #2E2E2E; border: 4px solid #FFFFFF;\">\n<p><em><span style=\"font-size: 1.1em;\">Director: <\/span><\/em><span style=\"font-size: 1.2em;\"> Prof.<strong> Juan Pablo SIMONETTI<\/strong><\/span><\/p>\n<p><em><span style=\"font-size: 1.1em;\">Vice directora: <\/span><\/em><span style=\"font-size: 1.2em;\"> Lic.<strong> Silvia ZAMARRE\u00d1O<\/strong><\/span><\/p>\n<p><em><span style=\"font-size: 1.1em;\">Secretaria acad\u00e9mica: <\/span><\/em><span style=\"font-size: 1.2em;\"> Prof.<strong> Daniela HUGHES<\/strong><\/span><\/p>\n<p><em><span style=\"font-size: 1.1em;\">Secretaria administrativa: <\/span><\/em><span style=\"font-size: 1.2em;\"> Prof. <strong>Gisela CLAVIO<\/strong><\/span><\/p>\n<div style=\"text-align: right;\">consultas: <a href=\"mailto:isfd808@chubut.edu.ar\" target=\"_blank\" rel=\"noopener\"><strong>isfd808@chubut.edu.ar<\/strong><\/a><\/div>\n<\/div>\n<div><\/div>\n<div><\/div>\n<div>\n<p><center><span style=\"font-size: 1.7em; color: #ffffff; text-shadow: 0 0 5px #000000;\"><strong>Coordinadores<\/strong><\/span><\/center><\/p>\n<\/div>\n<div style=\"width: 75%; border-radius: 5px; padding: 40px; color: #000000; text-align: left; background: linear-gradient(60deg, #D0F5A9, #D0F5A9); font-family: Arial, Verdana, sans-serif; font-size: 1.1em; margin-left: auto; margin-right: auto; box-shadow: 10px 5px 5px #2E2E2E; border: 4px solid #FFFFFF;\"><em><span style=\"font-size: 1em;\">Extensi\u00f3n Aulica Gaiman: <\/span><\/em><span style=\"font-size: 1.1em;\"> Prof. <strong>Claudia BALL<\/strong><\/span><br \/>\n<em><span style=\"font-size: 1em;\">Sede Anexo 730: <\/span><\/em><span style=\"font-size: 1.1em;\"> Prof. <strong>Antonella MOLLO<\/strong><\/span><br \/>\n<em><span style=\"font-size: 1em;\">Profesorado de Educaci\u00f3n Primaria: <\/span><\/em><span style=\"font-size: 1.1em;\"> Prof. <strong>Gabriela JARAMILLO<\/strong><\/span><br \/>\n<em><span style=\"font-size: 1em;\">Profesorado de Educaci\u00f3n Secundaria en Matem\u00e1tica: <\/span><\/em><span style=\"font-size: 1.1em;\"> Prof. <strong>Mart\u00edn Aguilar Cornier<\/strong><\/span><br \/>\n<em><span style=\"font-size: 1em;\">Profesorado de Educaci\u00f3n Secundaria en F\u00edsica y Qu\u00edmica: <\/span><\/em><span style=\"font-size: 1.1em;\"> Prof. <strong>Norma JONES<\/strong><\/span><br \/>\n<em><span style=\"font-size: 1em;\">Oficina de Estudiantes &#8211; CIPE<\/span><\/em><br \/>\n<em><span style=\"font-size: 1em;\">Profesorado de Biolog\u00eda: <span style=\"font-size: 1.1em;\"> Prof. <strong>Gabriela JARAMILLO\u00a0 \u00a0 \u00a0 \u00a0 \u00a0 \u00a0 \u00a0 \u00a0 \u00a0 \u00a0 \u00a0 \u00a0 \u00a0 \u00a0 \u00a0 <\/strong><\/span>Desarrollo Profesional y Acompa\u00f1amiento Pedag\u00f3gico: <\/span><\/em><span style=\"font-size: 1em;\">Prof<\/span><span style=\"font-size: 1.1em;\">. <strong>Paula GAREIS<\/strong><\/span><br \/>\n<em><span style=\"font-size: 1em;\">Investigaci\u00f3n educativa : <\/span><\/em><span style=\"font-size: 1em;\">Prof<\/span><span style=\"font-size: 1.1em;\">. <strong>Anabel CALDERON<\/strong><\/span><br \/>\n<em><span style=\"font-size: 1em;\">Centro de Recursos Tecnol\u00f3gicos: <\/span><\/em><span style=\"font-size: 1em;\">Prof<\/span><span style=\"font-size: 1.1em;\">. <strong>Lautaro HUALPA<\/strong><\/span><\/div>\n<div><\/div>\n<div><\/div>\n<p><center><span style=\"font-size: 1.7em; color: #ffffff; text-shadow: 0 0 5px #000000;\"><strong>Bedeles<\/strong><\/span><\/center><\/p>\n<div style=\"width: 60%; border-radius: 5px; padding: 40px; color: #000000; text-align: left; background: linear-gradient(60deg, #D0F5A9, #D0F5A9); font-family: Arial, Verdana, sans-serif; font-size: 1.1em; margin-left: auto; margin-right: auto; box-shadow: 10px 5px 5px #2E2E2E; border: 4px solid #FFFFFF;\"><em><span style=\"font-size: 1em;\">Sede Centro: <\/span><\/em><span style=\"font-size: 1.1em;\"> <strong>Gladys PIRIS y Eluney EVANS<\/strong><\/span><br \/>\n<em><span style=\"font-size: 1em;\">E.A. Gaiman: <\/span><\/em><span style=\"font-size: 1.1em;\"> <strong>Ver\u00f3nica FAIMALI y Karina L\u00c1ZARO<\/strong><\/span><br \/>\n<em><span style=\"font-size: 1em;\">Anexo 730: <\/span><\/em><span style=\"font-size: 1.1em;\"><strong>Marisa VALLEJOS y Omar HUDSON<\/strong><\/span><\/div>\n<div><\/div>\n<div><\/div>\n<p><center><span style=\"font-size: 1.7em; color: #ffffff; text-shadow: 0 0 5px #000000;\"><strong>Biblioteca CHECHA COMES<\/strong><\/span><\/center><\/p>\n<div style=\"width: 60%; border-radius: 5px; padding: 40px; color: #000000; text-align: left; background: linear-gradient(60deg, #D0F5A9, #D0F5A9); font-family: Arial, Verdana, sans-serif; font-size: 1.1em; margin-left: auto; margin-right: auto; box-shadow: 10px 5px 5px #2E2E2E; border: 4px solid #FFFFFF;\"><em><span style=\"font-size: 1em;\">Bibliotecaria: <\/span><\/em><span style=\"font-size: 1.1em;\"> <strong>Lic. Liliana MU\u00d1OZ y Liliana VELAZQUEZ\u00a0 \u00a0 \u00a0 \u00a0 \u00a0 <\/strong>Bibliotecaria Anexo 730:<strong> Alejandra BARRIENTOS<\/strong><\/span><\/div>\n<div><\/div>\n<div><\/div>\n<p><center><span style=\"font-size: 1.7em; color: #ffffff; text-shadow: 0 0 5px #000000;\"><strong>T\u00edtulos, pases y equivalencias<\/strong><\/span><\/center><\/p>\n<div style=\"width: 60%; border-radius: 5px; padding: 40px; color: #000000; text-align: left; background: linear-gradient(60deg, #D0F5A9, #D0F5A9); font-family: Arial, Verdana, sans-serif; font-size: 1.1em; margin-left: auto; margin-right: auto; box-shadow: 10px 5px 5px #2E2E2E; border: 2px solid #FFFFFF;\"><span style=\"font-size: 1.1em;\"><strong>Flavia MATTANO <a href=\"mailto:tpe808@gmail.com\" target=\"_blank\" rel=\"noopener\"> &#8211;&gt; tpe808@gmail.com<\/a><\/strong><\/span><\/div>\n<div><\/div>\n<div><\/div>\n<p><center><span style=\"font-size: 1.7em; color: #ffffff; text-shadow: 0 0 5px #000000;\"><strong>Administraci\u00f3n del Campus Virtual, web y RR.SS.<\/strong><\/span><\/center><\/p>\n<div style=\"width: 60%; border-radius: 5px; padding: 40px; color: #000000; text-align: left; background: linear-gradient(60deg, #D0F5A9, #D0F5A9); font-family: Arial, Verdana, sans-serif; font-size: 1.1em; margin-left: auto; margin-right: auto; box-shadow: 10px 5px 5px #2E2E2E; border: 2px solid #FFFFFF;\"><span style=\"font-size: 1em;\">Prof<\/span><span style=\"font-size: 1.1em;\">. <strong>Lautaro HUALPA<\/strong><\/span><\/div>\n<div><\/div>\n<div><\/div>\n<div style=\"width: 60%; border-radius: 5px; padding: 40px; color: #000000; text-align: center; background: linear-gradient(60deg, #ffff, #fff); font-family: Verdana, Arial, sans-serif; font-size: 1.3em; margin-left: auto; margin-right: auto; box-shadow: 10px 5px 5px #2E2E2E; border: 4px solid #FFFFFF;\">\n<p><span style=\"font-size: 1.4em;\"> <a href=\"https:\/\/isfd808-chu.infd.edu.ar\/sitio\/autoridades-2022\/\" rel=\"noopener\"><strong>Autoridades Anteriores<\/strong><\/a><\/span><\/p>\n<\/div>\n<\/div>\n","protected":false},"excerpt":{"rendered":"<p>Director: Prof. Juan Pablo SIMONETTI Vice directora: Lic. Silvia ZAMARRE\u00d1O Secretaria acad\u00e9mica: Prof. Daniela HUGHES Secretaria administrativa: Prof. Gisela CLAVIO consultas: isfd808@chubut.edu.ar Coordinadores Extensi\u00f3n Aulica Gaiman: Prof. Claudia BALL Sede Anexo 730: Prof. Antonella MOLLO Profesorado de Educaci\u00f3n Primaria: Prof. Gabriela JARAMILLO Profesorado de Educaci\u00f3n Secundaria en Matem\u00e1tica: Prof. Mart\u00edn Aguilar Cornier Profesorado de Educaci\u00f3n &#8230; <a title=\"Autoridades\" class=\"read-more\" href=\"https:\/\/isfd808-chu.infd.edu.ar\/sitio\/institucionales\/autoridades\/\" aria-label=\"More on Autoridades\">[+]<\/a><\/p>\n","protected":false},"author":352,"featured_media":0,"parent":1300,"menu_order":1,"comment_status":"closed","ping_status":"closed","template":"","meta":[],"acf":[],"_links":{"self":[{"href":"https:\/\/isfd808-chu.infd.edu.ar\/sitio\/wp-json\/wp\/v2\/pages\/1236"}],"collection":[{"href":"https:\/\/isfd808-chu.infd.edu.ar\/sitio\/wp-json\/wp\/v2\/pages"}],"about":[{"href":"https:\/\/isfd808-chu.infd.edu.ar\/sitio\/wp-json\/wp\/v2\/types\/page"}],"author":[{"embeddable":true,"href":"https:\/\/isfd808-chu.infd.edu.ar\/sitio\/wp-json\/wp\/v2\/users\/352"}],"replies":[{"embeddable":true,"href":"https:\/\/isfd808-chu.infd.edu.ar\/sitio\/wp-json\/wp\/v2\/comments?post=1236"}],"version-history":[{"count":88,"href":"https:\/\/isfd808-chu.infd.edu.ar\/sitio\/wp-json\/wp\/v2\/pages\/1236\/revisions"}],"predecessor-version":[{"id":7514,"href":"https:\/\/isfd808-chu.infd.edu.ar\/sitio\/wp-json\/wp\/v2\/pages\/1236\/revisions\/7514"}],"up":[{"embeddable":true,"href":"https:\/\/isfd808-chu.infd.edu.ar\/sitio\/wp-json\/wp\/v2\/pages\/1300"}],"wp:attachment":[{"href":"https:\/\/isfd808-chu.infd.edu.ar\/sitio\/wp-json\/wp\/v2\/media?parent=1236"}],"curies":[{"name":"wp","href":"https:\/\/api.w.org\/{rel}","templated":true}]}}

<div style="border: 2px solid #595859; border-radius: 5px; padding: 30px; background-image: url('https://cdn.pixabay.com/photo/2020/02/19/22/57/blue-background-4863452_960_720.jpg'); background-size: cover; background-repeat: no-repeat; background-position: center center; color: #000000; font-family: Verdana, Arial, sans-serif; margin-left: auto; margin-right: auto;">
<div style="width: 75%; border-radius: 5px; padding: 40px; color: #000000; text-align: center; background: linear-gradient(60deg, #D0F5A9, #D0F5A9); font-family: Arial, Verdana, sans-serif; font-size: 1.1em; margin-left: auto; margin-right: auto; box-shadow: 10px 5px 5px #2E2E2E; border: 4px solid #FFFFFF;">
<p><em><span style="font-size: 1.1em;">Director: </span></em><span style="font-size: 1.2em;"> Prof.<strong> Juan Pablo SIMONETTI</strong></span></p>
<p><em><span style="font-size: 1.1em;">Vice directora: </span></em><span style="font-size: 1.2em;"> Lic.<strong> Silvia ZAMARREÑO</strong></span></p>
<p><em><span style="font-size: 1.1em;">Secretaria académica: </span></em><span style="font-size: 1.2em;"> Prof.<strong> Daniela HUGHES</strong></span></p>
<p><em><span style="font-size: 1.1em;">Secretaria administrativa: </span></em><span style="font-size: 1.2em;"> Prof. <strong>Gisela CLAVIO</strong></span></p>
<div style="text-align: right;">consultas: <a href="mailto:isfd808@chubut.edu.ar" target="_blank" rel="noopener"><strong>isfd808@chubut.edu.ar</strong></a></div>
</div>
<div></div>
<div></div>
<div>
<p><center><span style="font-size: 1.7em; color: #ffffff; text-shadow: 0 0 5px #000000;"><strong>Coordinadores</strong></span></center></p>
</div>
<div style="width: 75%; border-radius: 5px; padding: 40px; color: #000000; text-align: left; background: linear-gradient(60deg, #D0F5A9, #D0F5A9); font-family: Arial, Verdana, sans-serif; font-size: 1.1em; margin-left: auto; margin-right: auto; box-shadow: 10px 5px 5px #2E2E2E; border: 4px solid #FFFFFF;"><em><span style="font-size: 1em;">Extensión Aulica Gaiman: </span></em><span style="font-size: 1.1em;"> Prof. <strong>Claudia BALL</strong></span><br />
<em><span style="font-size: 1em;">Sede Anexo 730: </span></em><span style="font-size: 1.1em;"> Prof. <strong>Antonella MOLLO</strong></span><br />
<em><span style="font-size: 1em;">Profesorado de Educación Primaria: </span></em><span style="font-size: 1.1em;"> Prof. <strong>Gabriela JARAMILLO</strong></span><br />
<em><span style="font-size: 1em;">Profesorado de Educación Secundaria en Matemática: </span></em><span style="font-size: 1.1em;"> Prof. <strong>Martín Aguilar Cornier</strong></span><br />
<em><span style="font-size: 1em;">Profesorado de Educación Secundaria en Física y Química: </span></em><span style="font-size: 1.1em;"> Prof. <strong>Norma JONES</strong></span><br />
<em><span style="font-size: 1em;">Oficina de Estudiantes &#8211; CIPE</span></em><br />
<em><span style="font-size: 1em;">Profesorado de Biología: <span style="font-size: 1.1em;"> Prof. <strong>Gabriela JARAMILLO                              </strong></span>Desarrollo Profesional y Acompañamiento Pedagógico: </span></em><span style="font-size: 1em;">Prof</span><span style="font-size: 1.1em;">. <strong>Paula GAREIS</strong></span><br />
<em><span style="font-size: 1em;">Investigación educativa : </span></em><span style="font-size: 1em;">Prof</span><span style="font-size: 1.1em;">. <strong>Anabel CALDERON</strong></span><br />
<em><span style="font-size: 1em;">Centro de Recursos Tecnológicos: </span></em><span style="font-size: 1em;">Prof</span><span style="font-size: 1.1em;">. <strong>Lautaro HUALPA</strong></span></div>
<div></div>
<div></div>
<p><center><span style="font-size: 1.7em; color: #ffffff; text-shadow: 0 0 5px #000000;"><strong>Bedeles</strong></span></center></p>
<div style="width: 60%; border-radius: 5px; padding: 40px; color: #000000; text-align: left; background: linear-gradient(60deg, #D0F5A9, #D0F5A9); font-family: Arial, Verdana, sans-serif; font-size: 1.1em; margin-left: auto; margin-right: auto; box-shadow: 10px 5px 5px #2E2E2E; border: 4px solid #FFFFFF;"><em><span style="font-size: 1em;">Sede Centro: </span></em><span style="font-size: 1.1em;"> <strong>Gladys PIRIS y Eluney EVANS</strong></span><br />
<em><span style="font-size: 1em;">E.A. Gaiman: </span></em><span style="font-size: 1.1em;"> <strong>Verónica FAIMALI y Karina LÁZARO</strong></span><br />
<em><span style="font-size: 1em;">Anexo 730: </span></em><span style="font-size: 1.1em;"><strong>Marisa VALLEJOS y Omar HUDSON</strong></span></div>
<div></div>
<div></div>
<p><center><span style="font-size: 1.7em; color: #ffffff; text-shadow: 0 0 5px #000000;"><strong>Biblioteca CHECHA COMES</strong></span></center></p>
<div style="width: 60%; border-radius: 5px; padding: 40px; color: #000000; text-align: left; background: linear-gradient(60deg, #D0F5A9, #D0F5A9); font-family: Arial, Verdana, sans-serif; font-size: 1.1em; margin-left: auto; margin-right: auto; box-shadow: 10px 5px 5px #2E2E2E; border: 4px solid #FFFFFF;"><em><span style="font-size: 1em;">Bibliotecaria: </span></em><span style="font-size: 1.1em;"> <strong>Lic. Liliana MUÑOZ y Liliana VELAZQUEZ          </strong>Bibliotecaria Anexo 730:<strong> Alejandra BARRIENTOS</strong></span></div>
<div></div>
<div></div>
<p><center><span style="font-size: 1.7em; color: #ffffff; text-shadow: 0 0 5px #000000;"><strong>Títulos, pases y equivalencias</strong></span></center></p>
<div style="width: 60%; border-radius: 5px; padding: 40px; color: #000000; text-align: left; background: linear-gradient(60deg, #D0F5A9, #D0F5A9); font-family: Arial, Verdana, sans-serif; font-size: 1.1em; margin-left: auto; margin-right: auto; box-shadow: 10px 5px 5px #2E2E2E; border: 2px solid #FFFFFF;"><span style="font-size: 1.1em;"><strong>Flavia MATTANO <a href="mailto:tpe808@gmail.com" target="_blank" rel="noopener"> &#8211;&gt; tpe808@gmail.com</a></strong></span></div>
<div></div>
<div></div>
<p><center><span style="font-size: 1.7em; color: #ffffff; text-shadow: 0 0 5px #000000;"><strong>Administración del Campus Virtual, web y RR.SS.</strong></span></center></p>
<div style="width: 60%; border-radius: 5px; padding: 40px; color: #000000; text-align: left; background: linear-gradient(60deg, #D0F5A9, #D0F5A9); font-family: Arial, Verdana, sans-serif; font-size: 1.1em; margin-left: auto; margin-right: auto; box-shadow: 10px 5px 5px #2E2E2E; border: 2px solid #FFFFFF;"><span style="font-size: 1em;">Prof</span><span style="font-size: 1.1em;">. <strong>Lautaro HUALPA</strong></span></div>
<div></div>
<div></div>
<div style="width: 60%; border-radius: 5px; padding: 40px; color: #000000; text-align: center; background: linear-gradient(60deg, #ffff, #fff); font-family: Verdana, Arial, sans-serif; font-size: 1.3em; margin-left: auto; margin-right: auto; box-shadow: 10px 5px 5px #2E2E2E; border: 4px solid #FFFFFF;">
<p><span style="font-size: 1.4em;"> <a href="https://isfd808-chu.infd.edu.ar/sitio/autoridades-2022/" rel="noopener"><strong>Autoridades Anteriores</strong></a></span></p>
</div>
</div>

<p>Director: Prof. Juan Pablo SIMONETTI Vice directora: Lic. Silvia ZAMARREÑO Secretaria académica: Prof. Daniela HUGHES Secretaria administrativa: Prof. Gisela CLAVIO consultas: isfd808@chubut.edu.ar Coordinadores Extensión Aulica Gaiman: Prof. Claudia BALL Sede Anexo 730: Prof. Antonella MOLLO Profesorado de Educación Primaria: Prof. Gabriela JARAMILLO Profesorado de Educación Secundaria en Matemática: Prof. Martín Aguilar Cornier Profesorado de Educación &#8230; <a title="Autoridades" class="read-more" href="https://isfd808-chu.infd.edu.ar/sitio/institucionales/autoridades/" aria-label="More on Autoridades">[+]</a></p>
