{"id":1920,"date":"2019-05-01T10:43:23","date_gmt":"2019-05-01T13:43:23","guid":{"rendered":"https:\/\/isfd808-chu.infd.edu.ar\/sitio\/?page_id=1920"},"modified":"2024-05-20T19:47:03","modified_gmt":"2024-05-20T22:47:03","slug":"capacitaciones","status":"publish","type":"page","link":"https:\/\/isfd808-chu.infd.edu.ar\/sitio\/capacitaciones\/","title":{"rendered":"CAPACITACIONES del ISFD 808"},"content":{"rendered":"<div style=\"border-radius: 5px; padding: 40px; width: 100%; color: #000000; background: linear-gradient(50deg, #FFFFFF, #FFFFFF); font-size: 1.5em; font-family: Verdana, Arial, sans-serif; margin-left: auto; margin-right: auto; text-align: center;\">\n<p><img decoding=\"async\" loading=\"lazy\" class=\"alignnone size-full wp-image-2029\" src=\"https:\/\/isfd808-chu.infd.edu.ar\/sitio\/wp-content\/uploads\/2019\/05\/Capacitaciones-1-800-2.jpg\" alt=\"\" width=\"800\" height=\"303\" srcset=\"https:\/\/isfd808-chu.infd.edu.ar\/sitio\/wp-content\/uploads\/2019\/05\/Capacitaciones-1-800-2.jpg 800w, https:\/\/isfd808-chu.infd.edu.ar\/sitio\/wp-content\/uploads\/2019\/05\/Capacitaciones-1-800-2-768x291.jpg 768w\" sizes=\"(max-width: 800px) 100vw, 800px\" \/><\/p>\n<div style=\"font-size: .8em; font-family: Arial, Verdana, sans-serif; text-align: left;\">Consultas: <a href=\"mailto:isfd808@chubut.edu.ar\"><strong>isfd808@chubut.edu.ar<\/strong><\/a><\/div>\n<div>&nbsp;<\/div>\n<div style=\"border-radius: 5px; padding: 40px; width: 75%; color: #000000; background-image: url('https:\/\/static5.depositphotos.com\/1014838\/463\/i\/450\/depositphotos_4635525-stock-photo-abstract-watercolor-background.jpg'); background-size: cover; background-repeat: no-repeat; background-position: center center; ; font-size: .8em; font-family: Verdana, Arial, sans-serif; margin-left: auto; margin-right: auto; text-align: left;\">\n<p>A partir del martes 14\/06 a las 18,15 hs. se encuentran disponibles para su retiro los CERTIFICADOS INSTITUCIONALES de las siguientes capacitaciones dictadas por el Instituto en el ciclo lectivo 2019.<\/p>\n<ul>\n<li><b><i>Acompa\u00f1amiento a Docentes Noveles<\/i><\/b><\/li>\n<li><b><i>Los Medios Audiovisuales y las nuevas tecnolog\u00edas en el aula<\/i><\/b><\/li>\n<li><b><i>Recuperando voces a trav\u00e9s de la radio<\/i><\/b><\/li>\n<\/ul>\n<p>junio 2022<\/p>\n<\/div>\n<div>&nbsp;<\/div>\n<div style=\"border-radius: 5px; padding: 40px; width: 75%; color: #000000; background-image: url('https:\/\/image.freepik.com\/vector-gratis\/lineas-onduladas-fondo-blanco-degradado_79603-2167.jpg'); background-size: cover; background-repeat: no-repeat; background-position: center center; ; font-size: .8em; font-family: Verdana, Arial, sans-serif; margin-left: auto; margin-right: auto; text-align: left;\">\n<p>Se encuentra disponible para su retiro el CERTIFICADO de la capacitaci\u00f3n \u201c<strong>Saberes compartidos: del dise\u00f1o a la pr\u00e1ctica\u201d&nbsp;<\/strong>dictada en el a\u00f1o 2018.<\/p>\n<p>El retiro es personal, en caso de autorizar a un tercero, el mismo&nbsp; deber\u00e1 presentarse con una nota y copia de los DNI. En la nota detallar nombre, apellido y DNI de ambos.<\/p>\n<p>Si desea el env\u00edo del certificado en PDF, solicitarlo a la casilla de correo:&nbsp;<em><a href=\"mailto:capacitacionisfd808@gmail.com\"><strong>capacitacionisfd808@gmail.com<\/strong><\/a><\/em><\/p>\n<p><em>D\u00edas&nbsp;\u00fanicos&nbsp;de retiro:&nbsp;<strong>MARTES Y MIERCOLES de 18:15 a 20:30&nbsp;hs<\/strong>. &#8211;&nbsp;Sede Centro &#8211; Pellegrini N\u00b0 390 &#8211; 1\u00b0 piso, consultar por la Prof. Gisela Clavio.<\/em><\/p>\n<p>Noviembre 2021<\/p>\n<\/div>\n<div>&nbsp;<\/div>\n<div style=\"border-radius: 5px; padding: 40px; width: 75%; color: #000000; background-image: url('https:\/\/cdn.pixabay.com\/photo\/2016\/12\/01\/20\/17\/texture-1876097_1280.jpg'); background-size: cover; background-repeat: no-repeat; background-position: center center; ; font-size: .7em; font-family: Verdana, Arial, sans-serif; margin-left: auto; margin-right: auto; text-align: left;\">\n<p>Se encuentra disponible para su retiro los CERTIFICADOS de las siguientes Actualizaciones dictadas por el INFD:<\/p>\n<ul>\n<li><strong>Actualizaci\u00f3n Acad\u00e9mica para la Formaci\u00f3n en Educaci\u00f3n Inclusiva en Gesti\u00f3n Educativa&nbsp;<\/strong> &#8211; Cohorte 2019<\/li>\n<li><strong>Actualizaci\u00f3n Acad\u00e9mica para el Desarrollo Profesional Docente en el campo de la Matem\u00e1tica<\/strong> &#8211; Cohorte 2019<\/li>\n<li><strong>Actualizaci\u00f3n Acad\u00e9mica en Formaci\u00f3n Docente <\/strong>&#8211; Cohorte 2018<\/li>\n<\/ul>\n<p>El retiro es personal, en caso de autorizar a un tercero, el mismo&nbsp; deber\u00e1 presentarse con una nota y copia de los DNI. En la nota detallar nombre, apellido y DNI de ambos.<\/p>\n<p><em>D\u00edas&nbsp;<\/em><em>\u00fanicos&nbsp;de retiro:&nbsp;<strong>MARTES Y MIERCOLES de 18:15 a 21:30<\/strong>&nbsp; hs. &#8211;&nbsp;<\/em>Sede Centro &#8211; Pellegrini N\u00b0 390 &#8211; 1\u00b0 piso, consultar por la Prof. Gisela Clavio.<\/p>\n<p>Ante cualquier consulta comunicarse a la siguiente casilla de correo:&nbsp;<em><a href=\"mailto:capacitacionisfd808@gmail.com\" target=\"_blank\" rel=\"noopener\"><strong>capacitacionisfd808@gmail.com<\/strong><\/a><\/em><\/p>\n<p>Septiembre 2021<\/p>\n<\/div>\n<div>&nbsp;<\/div>\n<div style=\"border-radius: 5px; padding: 20px; width: 75%; color: #000000; background: linear-gradient(50deg, #F7FE2E, #81F781); font-size: .7em; font-family: Verdana, Arial, sans-serif; margin-left: auto; margin-right: auto; text-align: left;\">\n<p>Se encuentran disponibles para su retiro los certificados definitivos de las siguientes capacitaciones:<\/p>\n<ul>\n<li><strong>\u00abLos medios audiovisuales y las nuevas tecnolog\u00edas en el aula\u00bb<\/strong>&nbsp;Dictada por el Prof. <strong><em>Siriczman.&nbsp;<\/em><\/strong>A\u00f1o 2018<\/li>\n<li><strong>\u00abEl laboratorio m\u00f3vil: un recurso para la ense\u00f1anza de las Ciencias Naturales<\/strong> <strong>en<\/strong> <strong>la Educaci\u00f3n Primaria\u00bb<\/strong>&nbsp; Dictada por las docentes <em><strong>Marip\u00e1n y Guti\u00e9rrez<\/strong><\/em>. A\u00f1o 2018<\/li>\n<li>\u00ab<strong>Encuentro de ense\u00f1anza de las&nbsp;<\/strong><strong>Matem\u00e1ticas-Problemas:&nbsp;desaf\u00edos&nbsp;con sentido<\/strong>\u00bb dictada en el a\u00f1o 2018 en Gaiman.<\/li>\n<li><strong>\u00abResponsabilidad Civil en el \u00e1mbito educativo\u00bb<\/strong> dictada en el a\u00f1o 2018 por el Prof. <em><strong>Santome Osuna<\/strong><\/em><\/li>\n<\/ul>\n<p>El retiro es personal, en caso de autorizar a un tercero, el mismo&nbsp; deber\u00e1 presentarse con una nota en la cual se detalle nombre, apellido y DNI de ambos.<\/p>\n<p><em>Los esperamos de lunes a viernes de 18.15 a 20.30 hs. &#8211; Sede Centro<\/em><\/p>\n<p><strong>junio 2021<\/strong><\/p>\n<\/div>\n<div>&nbsp;<\/div>\n<div style=\"border-radius: 5px; padding: 20px; width: 75%; color: #000000; background: linear-gradient(50deg, #FFFFFF, #ffffff); font-size: .7em; font-family: Verdana, Arial, sans-serif; margin-left: auto; margin-right: auto; text-align: left;\">\n<p>Los certificados definitivos correspondiente a las capacitaciones \u00ab<strong>Educaci\u00f3n Ambiental en Trelew: conocer para cuidar<\/strong>\u00bb dictada en el a\u00f1o 2019 por la <strong><em>Lic. Humphreys<\/em><\/strong>, y&nbsp;<strong>\u00abAcompa\u00f1amiento a Docentes Noveles<\/strong>\u00bb dictada en el a\u00f1o&nbsp;<strong>2018&nbsp;<\/strong><u>fueron enviados por correo electr\u00f3nico<\/u>.<\/p>\n<p>Por favor verificar bandeja de entrada, correo no deseado y spam. En caso de no haberlo recibido, comunicarse al correo <a href=\"mailto:capacitacionisfd808@gmail.com\" target=\"_blank\" rel=\"noopener\"><strong>capacitacionisfd808@gmail.com<\/strong><\/a><\/p>\n<p><strong>junio 2021<\/strong><\/p>\n<\/div>\n<div style=\"border-radius: 5px; padding: 20px; width: 75%; color: #000000; background: linear-gradient(50deg, #F7FE2E, #FF8000); font-size: .7em; font-family: Verdana, Arial, sans-serif; margin-left: auto; margin-right: auto; text-align: left;\">\n<p><strong>CERTIFICADOS<\/strong> de las capacitaciones que se encuentran disponibles para retirar<\/p>\n<p><strong>Capacitaciones<\/strong><\/p>\n<ul>\n<li>\u00abAstrof\u00edsica: Estructura y Evoluci\u00f3n de las Estrellas\u00bb.<\/li>\n<li>\u00abDel \u00c1tomo a los Cristales: Taller de Capacitaci\u00f3n Docente sobre Cristalograf\u00eda y Crecimiento de Cristales\u00bb.<\/li>\n<li>\u00abFormaci\u00f3n Colaborativa para la implementaci\u00f3n de la Educaci\u00f3n Sexual en las Escuelas\u00bb.<\/li>\n<\/ul>\n<p style=\"border-radius: 5px; padding: 40px; width: 75%; color: #2e3b0b; font-size: 1.1em; font-family: Arial, Verdana, sans-serif; text-align: left;\">Por los Certificados de la capacitaci\u00f3n de \u00ab<strong>Leo y Recomiendo Booktubers en la escuela<\/strong>\u00bb deben comunicarse con el <a href=\"https:\/\/isfd801-chu.infd.edu.ar\/sitio\/\" target=\"_blank\" rel=\"noopener\"><strong>ISFD N\u00b0 801<\/strong><\/a>.<\/p>\n<ul>\n<li><strong>MEDIOS AUDIOVISUALES Y NUEVAS TECNOLOGIAS EN EL AULA <\/strong><em>\u2013 mayo \/ junio de 2018<\/em><\/li>\n<li><strong>MEDIOS AUDIOVISUALES Y NUEVAS TECNOLOGIAS EN EL AULA <\/strong><em>&#8211;<\/em><br><em>octubre \/ diciembre de 2018<\/em><\/li>\n<li><strong>EL LABORATORIO M\u00d3VIL<\/strong>: \u00abUn recurso para la ense\u00f1anza de las Ciencias Naturales en la escuela primaria\u201d<\/li>\n<li><strong>ACOMPA\u00d1AMIENTO A DOCENTES NOVELES&nbsp;2018<\/strong><\/li>\n<\/ul>\n<\/div>\n<\/div>\n\n\n<p><\/p>\n","protected":false},"excerpt":{"rendered":"<p>Consultas: isfd808@chubut.edu.ar &nbsp; A partir del martes 14\/06 a las 18,15 hs. se encuentran disponibles para su retiro los CERTIFICADOS INSTITUCIONALES de las siguientes capacitaciones dictadas por el Instituto en el ciclo lectivo 2019. Acompa\u00f1amiento a Docentes Noveles Los Medios Audiovisuales y las nuevas tecnolog\u00edas en el aula Recuperando voces a trav\u00e9s de la radio &#8230; <a title=\"CAPACITACIONES del ISFD 808\" class=\"read-more\" href=\"https:\/\/isfd808-chu.infd.edu.ar\/sitio\/capacitaciones\/\" aria-label=\"More on CAPACITACIONES del ISFD 808\">[+]<\/a><\/p>\n","protected":false},"author":352,"featured_media":0,"parent":0,"menu_order":0,"comment_status":"closed","ping_status":"closed","template":"","meta":[],"acf":[],"_links":{"self":[{"href":"https:\/\/isfd808-chu.infd.edu.ar\/sitio\/wp-json\/wp\/v2\/pages\/1920"}],"collection":[{"href":"https:\/\/isfd808-chu.infd.edu.ar\/sitio\/wp-json\/wp\/v2\/pages"}],"about":[{"href":"https:\/\/isfd808-chu.infd.edu.ar\/sitio\/wp-json\/wp\/v2\/types\/page"}],"author":[{"embeddable":true,"href":"https:\/\/isfd808-chu.infd.edu.ar\/sitio\/wp-json\/wp\/v2\/users\/352"}],"replies":[{"embeddable":true,"href":"https:\/\/isfd808-chu.infd.edu.ar\/sitio\/wp-json\/wp\/v2\/comments?post=1920"}],"version-history":[{"count":145,"href":"https:\/\/isfd808-chu.infd.edu.ar\/sitio\/wp-json\/wp\/v2\/pages\/1920\/revisions"}],"predecessor-version":[{"id":6298,"href":"https:\/\/isfd808-chu.infd.edu.ar\/sitio\/wp-json\/wp\/v2\/pages\/1920\/revisions\/6298"}],"wp:attachment":[{"href":"https:\/\/isfd808-chu.infd.edu.ar\/sitio\/wp-json\/wp\/v2\/media?parent=1920"}],"curies":[{"name":"wp","href":"https:\/\/api.w.org\/{rel}","templated":true}]}}

<div style="border-radius: 5px; padding: 40px; width: 100%; color: #000000; background: linear-gradient(50deg, #FFFFFF, #FFFFFF); font-size: 1.5em; font-family: Verdana, Arial, sans-serif; margin-left: auto; margin-right: auto; text-align: center;">
<p><img decoding="async" loading="lazy" class="alignnone size-full wp-image-2029" src="https://isfd808-chu.infd.edu.ar/sitio/wp-content/uploads/2019/05/Capacitaciones-1-800-2.jpg" alt="" width="800" height="303" srcset="https://isfd808-chu.infd.edu.ar/sitio/wp-content/uploads/2019/05/Capacitaciones-1-800-2.jpg 800w, https://isfd808-chu.infd.edu.ar/sitio/wp-content/uploads/2019/05/Capacitaciones-1-800-2-768x291.jpg 768w" sizes="(max-width: 800px) 100vw, 800px" /></p>
<div style="font-size: .8em; font-family: Arial, Verdana, sans-serif; text-align: left;">Consultas: <a href="mailto:isfd808@chubut.edu.ar"><strong>isfd808@chubut.edu.ar</strong></a></div>
<div>&nbsp;</div>
<div style="border-radius: 5px; padding: 40px; width: 75%; color: #000000; background-image: url('https://static5.depositphotos.com/1014838/463/i/450/depositphotos_4635525-stock-photo-abstract-watercolor-background.jpg'); background-size: cover; background-repeat: no-repeat; background-position: center center; ; font-size: .8em; font-family: Verdana, Arial, sans-serif; margin-left: auto; margin-right: auto; text-align: left;">
<p>A partir del martes 14/06 a las 18,15 hs. se encuentran disponibles para su retiro los CERTIFICADOS INSTITUCIONALES de las siguientes capacitaciones dictadas por el Instituto en el ciclo lectivo 2019.</p>
<ul>
<li><b><i>Acompañamiento a Docentes Noveles</i></b></li>
<li><b><i>Los Medios Audiovisuales y las nuevas tecnologías en el aula</i></b></li>
<li><b><i>Recuperando voces a través de la radio</i></b></li>
</ul>
<p>junio 2022</p>
</div>
<div>&nbsp;</div>
<div style="border-radius: 5px; padding: 40px; width: 75%; color: #000000; background-image: url('https://image.freepik.com/vector-gratis/lineas-onduladas-fondo-blanco-degradado_79603-2167.jpg'); background-size: cover; background-repeat: no-repeat; background-position: center center; ; font-size: .8em; font-family: Verdana, Arial, sans-serif; margin-left: auto; margin-right: auto; text-align: left;">
<p>Se encuentra disponible para su retiro el CERTIFICADO de la capacitación “<strong>Saberes compartidos: del diseño a la práctica”&nbsp;</strong>dictada en el año 2018.</p>
<p>El retiro es personal, en caso de autorizar a un tercero, el mismo&nbsp; deberá presentarse con una nota y copia de los DNI. En la nota detallar nombre, apellido y DNI de ambos.</p>
<p>Si desea el envío del certificado en PDF, solicitarlo a la casilla de correo:&nbsp;<em><a href="mailto:capacitacionisfd808@gmail.com"><strong>capacitacionisfd808@gmail.com</strong></a></em></p>
<p><em>Días&nbsp;únicos&nbsp;de retiro:&nbsp;<strong>MARTES Y MIERCOLES de 18:15 a 20:30&nbsp;hs</strong>. &#8211;&nbsp;Sede Centro &#8211; Pellegrini N° 390 &#8211; 1° piso, consultar por la Prof. Gisela Clavio.</em></p>
<p>Noviembre 2021</p>
</div>
<div>&nbsp;</div>
<div style="border-radius: 5px; padding: 40px; width: 75%; color: #000000; background-image: url('https://cdn.pixabay.com/photo/2016/12/01/20/17/texture-1876097_1280.jpg'); background-size: cover; background-repeat: no-repeat; background-position: center center; ; font-size: .7em; font-family: Verdana, Arial, sans-serif; margin-left: auto; margin-right: auto; text-align: left;">
<p>Se encuentra disponible para su retiro los CERTIFICADOS de las siguientes Actualizaciones dictadas por el INFD:</p>
<ul>
<li><strong>Actualización Académica para la Formación en Educación Inclusiva en Gestión Educativa&nbsp;</strong> &#8211; Cohorte 2019</li>
<li><strong>Actualización Académica para el Desarrollo Profesional Docente en el campo de la Matemática</strong> &#8211; Cohorte 2019</li>
<li><strong>Actualización Académica en Formación Docente </strong>&#8211; Cohorte 2018</li>
</ul>
<p>El retiro es personal, en caso de autorizar a un tercero, el mismo&nbsp; deberá presentarse con una nota y copia de los DNI. En la nota detallar nombre, apellido y DNI de ambos.</p>
<p><em>Días&nbsp;</em><em>únicos&nbsp;de retiro:&nbsp;<strong>MARTES Y MIERCOLES de 18:15 a 21:30</strong>&nbsp; hs. &#8211;&nbsp;</em>Sede Centro &#8211; Pellegrini N° 390 &#8211; 1° piso, consultar por la Prof. Gisela Clavio.</p>
<p>Ante cualquier consulta comunicarse a la siguiente casilla de correo:&nbsp;<em><a href="mailto:capacitacionisfd808@gmail.com" target="_blank" rel="noopener"><strong>capacitacionisfd808@gmail.com</strong></a></em></p>
<p>Septiembre 2021</p>
</div>
<div>&nbsp;</div>
<div style="border-radius: 5px; padding: 20px; width: 75%; color: #000000; background: linear-gradient(50deg, #F7FE2E, #81F781); font-size: .7em; font-family: Verdana, Arial, sans-serif; margin-left: auto; margin-right: auto; text-align: left;">
<p>Se encuentran disponibles para su retiro los certificados definitivos de las siguientes capacitaciones:</p>
<ul>
<li><strong>«Los medios audiovisuales y las nuevas tecnologías en el aula»</strong>&nbsp;Dictada por el Prof. <strong><em>Siriczman.&nbsp;</em></strong>Año 2018</li>
<li><strong>«El laboratorio móvil: un recurso para la enseñanza de las Ciencias Naturales</strong> <strong>en</strong> <strong>la Educación Primaria»</strong>&nbsp; Dictada por las docentes <em><strong>Maripán y Gutiérrez</strong></em>. Año 2018</li>
<li>«<strong>Encuentro de enseñanza de las&nbsp;</strong><strong>Matemáticas-Problemas:&nbsp;desafíos&nbsp;con sentido</strong>» dictada en el año 2018 en Gaiman.</li>
<li><strong>«Responsabilidad Civil en el ámbito educativo»</strong> dictada en el año 2018 por el Prof. <em><strong>Santome Osuna</strong></em></li>
</ul>
<p>El retiro es personal, en caso de autorizar a un tercero, el mismo&nbsp; deberá presentarse con una nota en la cual se detalle nombre, apellido y DNI de ambos.</p>
<p><em>Los esperamos de lunes a viernes de 18.15 a 20.30 hs. &#8211; Sede Centro</em></p>
<p><strong>junio 2021</strong></p>
</div>
<div>&nbsp;</div>
<div style="border-radius: 5px; padding: 20px; width: 75%; color: #000000; background: linear-gradient(50deg, #FFFFFF, #ffffff); font-size: .7em; font-family: Verdana, Arial, sans-serif; margin-left: auto; margin-right: auto; text-align: left;">
<p>Los certificados definitivos correspondiente a las capacitaciones «<strong>Educación Ambiental en Trelew: conocer para cuidar</strong>» dictada en el año 2019 por la <strong><em>Lic. Humphreys</em></strong>, y&nbsp;<strong>«Acompañamiento a Docentes Noveles</strong>» dictada en el año&nbsp;<strong>2018&nbsp;</strong><u>fueron enviados por correo electrónico</u>.</p>
<p>Por favor verificar bandeja de entrada, correo no deseado y spam. En caso de no haberlo recibido, comunicarse al correo <a href="mailto:capacitacionisfd808@gmail.com" target="_blank" rel="noopener"><strong>capacitacionisfd808@gmail.com</strong></a></p>
<p><strong>junio 2021</strong></p>
</div>
<div style="border-radius: 5px; padding: 20px; width: 75%; color: #000000; background: linear-gradient(50deg, #F7FE2E, #FF8000); font-size: .7em; font-family: Verdana, Arial, sans-serif; margin-left: auto; margin-right: auto; text-align: left;">
<p><strong>CERTIFICADOS</strong> de las capacitaciones que se encuentran disponibles para retirar</p>
<p><strong>Capacitaciones</strong></p>
<ul>
<li>«Astrofísica: Estructura y Evolución de las Estrellas».</li>
<li>«Del Átomo a los Cristales: Taller de Capacitación Docente sobre Cristalografía y Crecimiento de Cristales».</li>
<li>«Formación Colaborativa para la implementación de la Educación Sexual en las Escuelas».</li>
</ul>
<p style="border-radius: 5px; padding: 40px; width: 75%; color: #2e3b0b; font-size: 1.1em; font-family: Arial, Verdana, sans-serif; text-align: left;">Por los Certificados de la capacitación de «<strong>Leo y Recomiendo Booktubers en la escuela</strong>» deben comunicarse con el <a href="https://isfd801-chu.infd.edu.ar/sitio/" target="_blank" rel="noopener"><strong>ISFD N° 801</strong></a>.</p>
<ul>
<li><strong>MEDIOS AUDIOVISUALES Y NUEVAS TECNOLOGIAS EN EL AULA </strong><em>– mayo / junio de 2018</em></li>
<li><strong>MEDIOS AUDIOVISUALES Y NUEVAS TECNOLOGIAS EN EL AULA </strong><em>&#8211;</em><br><em>octubre / diciembre de 2018</em></li>
<li><strong>EL LABORATORIO MÓVIL</strong>: «Un recurso para la enseñanza de las Ciencias Naturales en la escuela primaria”</li>
<li><strong>ACOMPAÑAMIENTO A DOCENTES NOVELES&nbsp;2018</strong></li>
</ul>
</div>
</div>


<p></p>

<p>Consultas: isfd808@chubut.edu.ar &nbsp; A partir del martes 14/06 a las 18,15 hs. se encuentran disponibles para su retiro los CERTIFICADOS INSTITUCIONALES de las siguientes capacitaciones dictadas por el Instituto en el ciclo lectivo 2019. Acompañamiento a Docentes Noveles Los Medios Audiovisuales y las nuevas tecnologías en el aula Recuperando voces a través de la radio &#8230; <a title="CAPACITACIONES del ISFD 808" class="read-more" href="https://isfd808-chu.infd.edu.ar/sitio/capacitaciones/" aria-label="More on CAPACITACIONES del ISFD 808">[+]</a></p>
