{"id":3237,"date":"2022-02-24T17:53:06","date_gmt":"2022-02-24T20:53:06","guid":{"rendered":"https:\/\/isfd808-chu.infd.edu.ar\/sitio\/?page_id=3237"},"modified":"2022-02-25T18:55:31","modified_gmt":"2022-02-25T21:55:31","slug":"fotos-ano-2020","status":"publish","type":"page","link":"https:\/\/isfd808-chu.infd.edu.ar\/sitio\/fotos\/fotos-ano-2020\/","title":{"rendered":"Fotos A\u00f1o 2020"},"content":{"rendered":"\n<p>2021 12 16 Entrega de Certificados &#8211; <strong><a rel=\"noreferrer noopener\" href=\"https:\/\/photos.app.goo.gl\/diJyozKWCeEVEGQ67\" target=\"_blank\">ETP y Certificaci\u00f3n Docente<\/a><\/strong> &#8211; Promoci\u00f3n 2020<\/p>\n\n\n\n<p>2021 12 16 Entrega de Certificados &#8211; <strong><a rel=\"noreferrer noopener\" href=\"https:\/\/photos.app.goo.gl\/nYMzGiqucBWACkzN6\" target=\"_blank\">Profesorado de Educaci\u00f3n Primaria<\/a> <\/strong>&#8211; Promoci\u00f3n 2020<\/p>\n\n\n\n<p>2021 12 16 Entrega de Certificados <a href=\"https:\/\/photos.app.goo.gl\/tt2XWbAd7YZjU8kE9\" target=\"_blank\" rel=\"noreferrer noopener\"><strong>ANEXO 730<\/strong><\/a> &#8211; Promoci\u00f3n 2020<\/p>\n","protected":false},"excerpt":{"rendered":"<p>2021 12 16 Entrega de Certificados &#8211; ETP y Certificaci\u00f3n Docente &#8211; Promoci\u00f3n 2020 2021 12 16 Entrega de Certificados &#8211; Profesorado de Educaci\u00f3n Primaria &#8211; Promoci\u00f3n 2020 2021 12 16 Entrega de Certificados ANEXO 730 &#8211; Promoci\u00f3n 2020<\/p>\n","protected":false},"author":352,"featured_media":0,"parent":1652,"menu_order":1,"comment_status":"closed","ping_status":"closed","template":"","meta":[],"acf":[],"_links":{"self":[{"href":"https:\/\/isfd808-chu.infd.edu.ar\/sitio\/wp-json\/wp\/v2\/pages\/3237"}],"collection":[{"href":"https:\/\/isfd808-chu.infd.edu.ar\/sitio\/wp-json\/wp\/v2\/pages"}],"about":[{"href":"https:\/\/isfd808-chu.infd.edu.ar\/sitio\/wp-json\/wp\/v2\/types\/page"}],"author":[{"embeddable":true,"href":"https:\/\/isfd808-chu.infd.edu.ar\/sitio\/wp-json\/wp\/v2\/users\/352"}],"replies":[{"embeddable":true,"href":"https:\/\/isfd808-chu.infd.edu.ar\/sitio\/wp-json\/wp\/v2\/comments?post=3237"}],"version-history":[{"count":2,"href":"https:\/\/isfd808-chu.infd.edu.ar\/sitio\/wp-json\/wp\/v2\/pages\/3237\/revisions"}],"predecessor-version":[{"id":3288,"href":"https:\/\/isfd808-chu.infd.edu.ar\/sitio\/wp-json\/wp\/v2\/pages\/3237\/revisions\/3288"}],"up":[{"embeddable":true,"href":"https:\/\/isfd808-chu.infd.edu.ar\/sitio\/wp-json\/wp\/v2\/pages\/1652"}],"wp:attachment":[{"href":"https:\/\/isfd808-chu.infd.edu.ar\/sitio\/wp-json\/wp\/v2\/media?parent=3237"}],"curies":[{"name":"wp","href":"https:\/\/api.w.org\/{rel}","templated":true}]}}