{"id":7085,"date":"2024-10-31T21:51:46","date_gmt":"2024-11-01T00:51:46","guid":{"rendered":"https:\/\/isfd808-chu.infd.edu.ar\/sitio\/?page_id=7085"},"modified":"2025-11-22T09:45:15","modified_gmt":"2025-11-22T12:45:15","slug":"ingresantes-2025","status":"publish","type":"page","link":"https:\/\/isfd808-chu.infd.edu.ar\/sitio\/ingresantes-2025\/","title":{"rendered":"Inscripciones 2026"},"content":{"rendered":"<div style=\"border-radius: 10px; padding: 40px; width: 100%; box-shadow: #A4A4A4 3px 3px 5px; text-align: left; background-image: url('https:\/\/images.pexels.com\/photos\/7629313\/pexels-photo-7629313.jpeg?auto=compress&amp;cs=tinysrgb&amp;w=1260&amp;h=750&amp;dpr=1'); background-size: cover; background-repeat: no-repeat; background-position: center center; font-family: Arial, Verdana, sans-serif; color: #000000; font-size: 1em; margin-left: auto; margin-right: auto;\">\n<div style=\"border-radius: 10px; padding: 40px; width: 80%; text-align: left; background: linear-gradient(50deg, #F3F781, #F2F5A9); font-family: Arial, Verdana, sans-serif; color: #0b3b17; font-size: 1.1em; margin-left: auto; margin-right: auto;\">\n<p>El Instituto Superior de Formaci\u00f3n Docente N\u00ba 808 informa que se encuentra abierta la <strong>pre-inscripci\u00f3n<\/strong> para <strong>el pr\u00f3ximo ciclo lectivo 2026<\/strong>, a continuaci\u00f3n detallamos las carreras que se dictan en nuestro instituto.<\/p>\n<p>Sede Centro TRELEW<br \/>\n<strong>. <a href=\"https:\/\/isfd808-chu.infd.edu.ar\/sitio\/carreras\/profesorado-de-educacion-primaria\/\" target=\"_blank\" rel=\"noopener\">Profesorado de Educaci\u00f3n PRIMARIA <\/a><\/strong>(Res. 328\/22)<\/p>\n<p>Extensi\u00f3n Aulica GAIMAN<br \/>\n<strong>. <a href=\"https:\/\/isfd808-chu.infd.edu.ar\/sitio\/carreras\/profesorado-de-educacion-primaria\/\" target=\"_blank\" rel=\"noopener\">Profesorado de Educaci\u00f3n PRIMARIA <\/a><\/strong>(Res. 328\/22)<br \/>\n<strong>. Profesorado de Educaci\u00f3n SECUNDARIA en BIOLOG\u00cdA <\/strong><b><i> &#8211; NUEVO &#8211; <\/i><\/b><\/p>\n<p>Anexo 730 TRELEW<br \/>\n<strong>. <a href=\"https:\/\/isfd808-chu.infd.edu.ar\/sitio\/carreras\/profesorado-de-educacion-secundaria-en-fisica\/\" target=\"_blank\" rel=\"noopener\">Profesorado de Educaci\u00f3n SECUNDARIA en F\u00cdSICA <\/a><\/strong>(Res. 545\/19)<br \/>\n<strong>. <a href=\"https:\/\/isfd808-chu.infd.edu.ar\/sitio\/carreras\/profesorado-de-educacion-secundaria-en-matematica\/\" target=\"_blank\" rel=\"noopener\">Profesorado de Educaci\u00f3n SECUNDARIA en MATEM\u00c1TICA <\/a><\/strong>(Res. 543\/19)<br \/>\n<strong>. <a href=\"https:\/\/isfd808-chu.infd.edu.ar\/sitio\/carreras\/profesorado-de-educacion-secundaria-en-quimica\/\" target=\"_blank\" rel=\"noopener\">Profesorado de Educaci\u00f3n SECUNDARIA en QU\u00cdMICA <\/a><\/strong>(Res. 05\/20)<\/p>\n<p data-start=\"50\" data-end=\"264\">Segu\u00ed estos pasos para completar tu preinscripci\u00f3n de manera sencilla y exitosa:<\/p>\n<p data-start=\"266\" data-end=\"362\">&#x1f539; <strong data-start=\"269\" data-end=\"302\">1. Agend\u00e1 a DINO en WhatsApp:<\/strong><br data-start=\"302\" data-end=\"305\" \/>&#x1f4f1; +54 9 280 460-3466 y escrib\u00ed la palabra <strong data-start=\"348\" data-end=\"361\">\u00abTR\u00c1MITE\u00bb<\/strong>.<\/p>\n<p data-start=\"364\" data-end=\"439\">&#x1f539; <strong data-start=\"367\" data-end=\"394\">2. Ingres\u00e1 a Gestiones:<\/strong><br data-start=\"394\" data-end=\"397\" \/>Eleg\u00ed la opci\u00f3n <strong data-start=\"413\" data-end=\"438\">\u00abPreinscripci\u00f3n ISFD\u00bb<\/strong>.<\/p>\n<p data-start=\"441\" data-end=\"532\">&#x1f539; <strong data-start=\"444\" data-end=\"475\">3. Seleccion\u00e1 \u00abProfesorado\u00bb<\/strong><br data-start=\"475\" data-end=\"478\" \/>&#x1f4da; Seg\u00fan la propuesta de formaci\u00f3n que quieras cursar.<\/p>\n<p data-start=\"534\" data-end=\"569\">&#x1f539; <strong data-start=\"537\" data-end=\"569\">4. Eleg\u00ed la carrera deseada.<\/strong><\/p>\n<p data-start=\"571\" data-end=\"622\">&#x1f539; <strong data-start=\"574\" data-end=\"622\">5. Seleccion\u00e1 la sede o anexo de ISFD N\u00b0808.<\/strong><\/p>\n<p data-start=\"624\" data-end=\"655\">&#x1f539; <strong data-start=\"627\" data-end=\"655\">6. Confirm\u00e1 tu elecci\u00f3n.<\/strong><\/p>\n<div style=\"border-radius: 10px; padding: 20px; width: 95%; text-align: center; background: linear-gradient(to bottom, #49190e 0%,#c15b24 41%,#FF5733 77%); font-family: Arial, Verdana, sans-serif; color: #ffffff; font-size: 1.3em; margin-left: auto; margin-right: auto; box-shadow: 10px 5px 5px #2E2E2E;\">\n<div><\/div>\n<p>A partir del 17 de Noviembre de 2025 se abre la preinscripci\u00f3n a las carreras del instituto. El 23 de febrero se dar\u00e1 a concer la lista de preinscriptos.<\/p>\n<div style=\"border-radius: 10px; padding: 20px; width: 80%; text-align: center; background: linear-gradient(30deg, #F7BE81, #A9E2F3); font-family: Arial, Verdana, sans-serif; color: #000000; font-size: 1.5em; margin-left: auto; margin-right: auto; border: 2px solid #DBEE1B;\">DINO<\/div>\n<div><\/div>\n<\/div>\n<div><\/div>\n<\/div>\n<div><\/div>\n<div style=\"border-radius: 10px; padding: 40px; width: 600px; text-align: left; background: linear-gradient(30deg, #F7BE81, #A9E2F3); font-family: Arial, Verdana, sans-serif; color: #000000; font-size: 1.1em; margin-left: auto; margin-right: auto; box-shadow: 5px 5px #746E6D;\">\n<p>Por cualquier consulta o duda, lo pueden realizar al correo <strong><a href=\"mailto:isfd808@chubut.edu.ar\">isfd808@chubut.edu.ar<\/a><\/strong> (<em>aclarando apellido y nombre<\/em>) o si prefiere hacerlo en <b>forma personal<\/b> a partir del <b>lunes 17 de Noviembre de 2025<\/b>, estas son las direcciones del Instituto:<\/p>\n<p>Sede CENTRO: <strong>Pellegrini 390<\/strong> \u2013 TE. <strong>280 442-6567 &#8211; TRELEW<\/strong><br \/>\n<em>De 18,30 a 20,00 hs.<\/em><\/p>\n<p>Anexo 730: <strong>Belgrano 2220 &#8211; TRELEW<\/strong><br \/>\n<em>De 19,00 a 21,00 hs.<\/em><\/p>\n<p>Extensi\u00f3n Aulica <strong>GAIMAN<\/strong>: <strong>Escuela N\u00b0 100 <\/strong>\u2013<strong> E. Tello 848<\/strong><br \/>\n<em>De 18,30 a 20,00 hs.<\/em><\/p>\n<\/div>\n<\/div>\n","protected":false},"excerpt":{"rendered":"<p>El Instituto Superior de Formaci\u00f3n Docente N\u00ba 808 informa que se encuentra abierta la pre-inscripci\u00f3n para el pr\u00f3ximo ciclo lectivo 2026, a continuaci\u00f3n detallamos las carreras que se dictan en nuestro instituto. Sede Centro TRELEW . Profesorado de Educaci\u00f3n PRIMARIA (Res. 328\/22) Extensi\u00f3n Aulica GAIMAN . Profesorado de Educaci\u00f3n PRIMARIA (Res. 328\/22) . Profesorado de &#8230; <a title=\"Inscripciones 2026\" class=\"read-more\" href=\"https:\/\/isfd808-chu.infd.edu.ar\/sitio\/ingresantes-2025\/\" aria-label=\"More on Inscripciones 2026\">[+]<\/a><\/p>\n","protected":false},"author":352,"featured_media":0,"parent":0,"menu_order":0,"comment_status":"closed","ping_status":"closed","template":"","meta":[],"acf":[],"_links":{"self":[{"href":"https:\/\/isfd808-chu.infd.edu.ar\/sitio\/wp-json\/wp\/v2\/pages\/7085"}],"collection":[{"href":"https:\/\/isfd808-chu.infd.edu.ar\/sitio\/wp-json\/wp\/v2\/pages"}],"about":[{"href":"https:\/\/isfd808-chu.infd.edu.ar\/sitio\/wp-json\/wp\/v2\/types\/page"}],"author":[{"embeddable":true,"href":"https:\/\/isfd808-chu.infd.edu.ar\/sitio\/wp-json\/wp\/v2\/users\/352"}],"replies":[{"embeddable":true,"href":"https:\/\/isfd808-chu.infd.edu.ar\/sitio\/wp-json\/wp\/v2\/comments?post=7085"}],"version-history":[{"count":20,"href":"https:\/\/isfd808-chu.infd.edu.ar\/sitio\/wp-json\/wp\/v2\/pages\/7085\/revisions"}],"predecessor-version":[{"id":7563,"href":"https:\/\/isfd808-chu.infd.edu.ar\/sitio\/wp-json\/wp\/v2\/pages\/7085\/revisions\/7563"}],"wp:attachment":[{"href":"https:\/\/isfd808-chu.infd.edu.ar\/sitio\/wp-json\/wp\/v2\/media?parent=7085"}],"curies":[{"name":"wp","href":"https:\/\/api.w.org\/{rel}","templated":true}]}}

<div style="border-radius: 10px; padding: 40px; width: 100%; box-shadow: #A4A4A4 3px 3px 5px; text-align: left; background-image: url('https://images.pexels.com/photos/7629313/pexels-photo-7629313.jpeg?auto=compress&amp;cs=tinysrgb&amp;w=1260&amp;h=750&amp;dpr=1'); background-size: cover; background-repeat: no-repeat; background-position: center center; font-family: Arial, Verdana, sans-serif; color: #000000; font-size: 1em; margin-left: auto; margin-right: auto;">
<div style="border-radius: 10px; padding: 40px; width: 80%; text-align: left; background: linear-gradient(50deg, #F3F781, #F2F5A9); font-family: Arial, Verdana, sans-serif; color: #0b3b17; font-size: 1.1em; margin-left: auto; margin-right: auto;">
<p>El Instituto Superior de Formación Docente Nº 808 informa que se encuentra abierta la <strong>pre-inscripción</strong> para <strong>el próximo ciclo lectivo 2026</strong>, a continuación detallamos las carreras que se dictan en nuestro instituto.</p>
<p>Sede Centro TRELEW<br />
<strong>. <a href="https://isfd808-chu.infd.edu.ar/sitio/carreras/profesorado-de-educacion-primaria/" target="_blank" rel="noopener">Profesorado de Educación PRIMARIA </a></strong>(Res. 328/22)</p>
<p>Extensión Aulica GAIMAN<br />
<strong>. <a href="https://isfd808-chu.infd.edu.ar/sitio/carreras/profesorado-de-educacion-primaria/" target="_blank" rel="noopener">Profesorado de Educación PRIMARIA </a></strong>(Res. 328/22)<br />
<strong>. Profesorado de Educación SECUNDARIA en BIOLOGÍA </strong><b><i> &#8211; NUEVO &#8211; </i></b></p>
<p>Anexo 730 TRELEW<br />
<strong>. <a href="https://isfd808-chu.infd.edu.ar/sitio/carreras/profesorado-de-educacion-secundaria-en-fisica/" target="_blank" rel="noopener">Profesorado de Educación SECUNDARIA en FÍSICA </a></strong>(Res. 545/19)<br />
<strong>. <a href="https://isfd808-chu.infd.edu.ar/sitio/carreras/profesorado-de-educacion-secundaria-en-matematica/" target="_blank" rel="noopener">Profesorado de Educación SECUNDARIA en MATEMÁTICA </a></strong>(Res. 543/19)<br />
<strong>. <a href="https://isfd808-chu.infd.edu.ar/sitio/carreras/profesorado-de-educacion-secundaria-en-quimica/" target="_blank" rel="noopener">Profesorado de Educación SECUNDARIA en QUÍMICA </a></strong>(Res. 05/20)</p>
<p data-start="50" data-end="264">Seguí estos pasos para completar tu preinscripción de manera sencilla y exitosa:</p>
<p data-start="266" data-end="362">&#x1f539; <strong data-start="269" data-end="302">1. Agendá a DINO en WhatsApp:</strong><br data-start="302" data-end="305" />&#x1f4f1; +54 9 280 460-3466 y escribí la palabra <strong data-start="348" data-end="361">«TRÁMITE»</strong>.</p>
<p data-start="364" data-end="439">&#x1f539; <strong data-start="367" data-end="394">2. Ingresá a Gestiones:</strong><br data-start="394" data-end="397" />Elegí la opción <strong data-start="413" data-end="438">«Preinscripción ISFD»</strong>.</p>
<p data-start="441" data-end="532">&#x1f539; <strong data-start="444" data-end="475">3. Seleccioná «Profesorado»</strong><br data-start="475" data-end="478" />&#x1f4da; Según la propuesta de formación que quieras cursar.</p>
<p data-start="534" data-end="569">&#x1f539; <strong data-start="537" data-end="569">4. Elegí la carrera deseada.</strong></p>
<p data-start="571" data-end="622">&#x1f539; <strong data-start="574" data-end="622">5. Seleccioná la sede o anexo de ISFD N°808.</strong></p>
<p data-start="624" data-end="655">&#x1f539; <strong data-start="627" data-end="655">6. Confirmá tu elección.</strong></p>
<div style="border-radius: 10px; padding: 20px; width: 95%; text-align: center; background: linear-gradient(to bottom, #49190e 0%,#c15b24 41%,#FF5733 77%); font-family: Arial, Verdana, sans-serif; color: #ffffff; font-size: 1.3em; margin-left: auto; margin-right: auto; box-shadow: 10px 5px 5px #2E2E2E;">
<div></div>
<p>A partir del 17 de Noviembre de 2025 se abre la preinscripción a las carreras del instituto. El 23 de febrero se dará a concer la lista de preinscriptos.</p>
<div style="border-radius: 10px; padding: 20px; width: 80%; text-align: center; background: linear-gradient(30deg, #F7BE81, #A9E2F3); font-family: Arial, Verdana, sans-serif; color: #000000; font-size: 1.5em; margin-left: auto; margin-right: auto; border: 2px solid #DBEE1B;">DINO</div>
<div></div>
</div>
<div></div>
</div>
<div></div>
<div style="border-radius: 10px; padding: 40px; width: 600px; text-align: left; background: linear-gradient(30deg, #F7BE81, #A9E2F3); font-family: Arial, Verdana, sans-serif; color: #000000; font-size: 1.1em; margin-left: auto; margin-right: auto; box-shadow: 5px 5px #746E6D;">
<p>Por cualquier consulta o duda, lo pueden realizar al correo <strong><a href="mailto:isfd808@chubut.edu.ar">isfd808@chubut.edu.ar</a></strong> (<em>aclarando apellido y nombre</em>) o si prefiere hacerlo en <b>forma personal</b> a partir del <b>lunes 17 de Noviembre de 2025</b>, estas son las direcciones del Instituto:</p>
<p>Sede CENTRO: <strong>Pellegrini 390</strong> – TE. <strong>280 442-6567 &#8211; TRELEW</strong><br />
<em>De 18,30 a 20,00 hs.</em></p>
<p>Anexo 730: <strong>Belgrano 2220 &#8211; TRELEW</strong><br />
<em>De 19,00 a 21,00 hs.</em></p>
<p>Extensión Aulica <strong>GAIMAN</strong>: <strong>Escuela N° 100 </strong>–<strong> E. Tello 848</strong><br />
<em>De 18,30 a 20,00 hs.</em></p>
</div>
</div>

<p>El Instituto Superior de Formación Docente Nº 808 informa que se encuentra abierta la pre-inscripción para el próximo ciclo lectivo 2026, a continuación detallamos las carreras que se dictan en nuestro instituto. Sede Centro TRELEW . Profesorado de Educación PRIMARIA (Res. 328/22) Extensión Aulica GAIMAN . Profesorado de Educación PRIMARIA (Res. 328/22) . Profesorado de &#8230; <a title="Inscripciones 2026" class="read-more" href="https://isfd808-chu.infd.edu.ar/sitio/ingresantes-2025/" aria-label="More on Inscripciones 2026">[+]</a></p>
